{"id":2054,"date":"2018-07-25T10:09:13","date_gmt":"2018-07-25T10:09:13","guid":{"rendered":"http:\/\/www.christo-rugbyadapte.fr\/wordpress\/?page_id=2054"},"modified":"2021-03-01T17:41:21","modified_gmt":"2021-03-01T17:41:21","slug":"vie-de-la-section","status":"publish","type":"page","link":"https:\/\/www.christo-rugbyadapte.fr\/wordpress\/?page_id=2054","title":{"rendered":"Vie de la section"},"content":{"rendered":"<p><a href=\"https:\/\/www.christo-rugbyadapte.fr\/wordpress\/?page_id=474\">Documentation<\/a><\/p>\n<p><a href=\"https:\/\/www.christo-rugbyadapte.fr\/wordpress\/?page_id=3216\">Calendrier 2020-2021<\/a><\/p>\n<p>Notre actualit\u00e9 dans la presse dans la rubrique <a href=\"https:\/\/www.christo-rugbyadapte.fr\/wordpress\/?page_id=917\">Archives presse<\/a><\/p>\n<p>Notre actualit\u00e9 en images :\u00a0 des entra\u00eenements, des tournois.<\/p>\n<p><a href=\"https:\/\/www.christo-rugbyadapte.fr\/wordpress\/?page_id=2697\">Nos photos et vid\u00e9os 2019<\/a><\/p>\n<p><a href=\"https:\/\/www.christo-rugbyadapte.fr\/wordpress\/?page_id=2689\">Nos photos et vid\u00e9os 2018<\/a><\/p>\n<p><a href=\"https:\/\/www.christo-rugbyadapte.fr\/wordpress\/?page_id=2686\">Nos photos et vid\u00e9os 2017<\/a><\/p>\n<p><a href=\"https:\/\/www.christo-rugbyadapte.fr\/wordpress\/?page_id=3184\">Nos photos 2016<\/a><\/p>\n<p><a href=\"https:\/\/www.christo-rugbyadapte.fr\/wordpress\/?page_id=3226\">Nos photos et vid\u00e9os 2015<\/a><\/p>\n<p><a href=\"https:\/\/www.christo-rugbyadapte.fr\/wordpress\/?page_id=3200\">Nos photos et vid\u00e9os 2013<\/a><\/p>\n<p><a href=\"https:\/\/www.christo-rugbyadapte.fr\/wordpress\/?page_id=3192\">Nos photos 2010<\/a><\/p>\n<p><a href=\"https:\/\/www.christo-rugbyadapte.fr\/wordpress\/?page_id=3197\">Nos photos 2009<\/a><\/p>\n","protected":false},"excerpt":{"rendered":"<p>Documentation Calendrier 2020-2021 Notre actualit\u00e9 dans la presse dans la rubrique Archives presse Notre actualit\u00e9 en images :\u00a0 des entra\u00eenements, des tournois. Nos photos et vid\u00e9os 2019 Nos photos et vid\u00e9os 2018 Nos photos et vid\u00e9os 2017 Nos photos 2016 Nos photos et vid\u00e9os 2015 Nos photos et vid\u00e9os 2013 Nos photos 2010 Nos photos [&hellip;]<\/p>\n","protected":false},"author":1,"featured_media":0,"parent":0,"menu_order":0,"comment_status":"closed","ping_status":"closed","template":"","meta":{"footnotes":""},"class_list":["post-2054","page","type-page","status-publish","hentry","post"],"_links":{"self":[{"href":"https:\/\/www.christo-rugbyadapte.fr\/wordpress\/index.php?rest_route=\/wp\/v2\/pages\/2054","targetHints":{"allow":["GET"]}}],"collection":[{"href":"https:\/\/www.christo-rugbyadapte.fr\/wordpress\/index.php?rest_route=\/wp\/v2\/pages"}],"about":[{"href":"https:\/\/www.christo-rugbyadapte.fr\/wordpress\/index.php?rest_route=\/wp\/v2\/types\/page"}],"author":[{"embeddable":true,"href":"https:\/\/www.christo-rugbyadapte.fr\/wordpress\/index.php?rest_route=\/wp\/v2\/users\/1"}],"replies":[{"embeddable":true,"href":"https:\/\/www.christo-rugbyadapte.fr\/wordpress\/index.php?rest_route=%2Fwp%2Fv2%2Fcomments&post=2054"}],"version-history":[{"count":9,"href":"https:\/\/www.christo-rugbyadapte.fr\/wordpress\/index.php?rest_route=\/wp\/v2\/pages\/2054\/revisions"}],"predecessor-version":[{"id":4009,"href":"https:\/\/www.christo-rugbyadapte.fr\/wordpress\/index.php?rest_route=\/wp\/v2\/pages\/2054\/revisions\/4009"}],"wp:attachment":[{"href":"https:\/\/www.christo-rugbyadapte.fr\/wordpress\/index.php?rest_route=%2Fwp%2Fv2%2Fmedia&parent=2054"}],"curies":[{"name":"wp","href":"https:\/\/api.w.org\/{rel}","templated":true}]}}