{"id":845,"date":"2015-09-09T20:16:41","date_gmt":"2015-09-09T20:16:41","guid":{"rendered":"http:\/\/www.christo-rugbyadapte.fr\/wordpress\/?page_id=845"},"modified":"2021-02-27T17:44:44","modified_gmt":"2021-02-27T17:44:44","slug":"archives-videos","status":"publish","type":"page","link":"https:\/\/www.christo-rugbyadapte.fr\/wordpress\/?page_id=845","title":{"rendered":"Archives vid\u00e9os"},"content":{"rendered":"<p>&nbsp;<\/p>\n<h1>Notre vid\u00e9o de pr\u00e9sentation 2015<\/h1>\n<p><iframe loading=\"lazy\" title=\"Vid\u00e9o de pr\u00e9sentation 2015\" width=\"720\" height=\"405\" src=\"https:\/\/www.youtube.com\/embed\/ha1T6gqJCwc?feature=oembed\" frameborder=\"0\" allow=\"accelerometer; autoplay; clipboard-write; encrypted-media; gyroscope; picture-in-picture\" allowfullscreen><\/iframe><\/p>\n<h2>Tournoi CLARA 2015 (vid\u00e9o Oval et Sens)<a class=\"thickbox button\" title=\"S\u00e9lectionnez le diaporama \u00e0 ins\u00e9rer dans l\u2019article\" href=\"https:\/\/www.christo-rugbyadapte.fr\/wordpress\/wp-admin\/post.php?post=845&amp;action=edit#TB_inline?&amp;inlineId=choose-meta-slider\">\u00a0<\/a><\/h2>\n<p><iframe loading=\"lazy\" src=\"https:\/\/www.youtube.com\/embed\/tFMpB1jwZVA\" width=\"560\" height=\"315\" frameborder=\"0\" allowfullscreen=\"allowfullscreen\"><\/iframe><\/p>\n<h2>L&rsquo;en avant vers une vie sociale (2013)<\/h2>\n<p><iframe loading=\"lazy\" src=\"https:\/\/www.youtube.com\/embed\/p-ZYReW2_hU\" width=\"560\" height=\"315\" frameborder=\"0\" allowfullscreen=\"allowfullscreen\"><\/iframe><\/p>\n<h2>Christo Rugby Adapt\u00e9 (2011)<\/h2>\n<p><iframe loading=\"lazy\" src=\"https:\/\/www.youtube.com\/embed\/VsqzjX7dl5U\" width=\"560\" height=\"315\" frameborder=\"0\" allowfullscreen=\"allowfullscreen\"><\/iframe><\/p>\n","protected":false},"excerpt":{"rendered":"<p>&nbsp; Notre vid\u00e9o de pr\u00e9sentation 2015 Tournoi CLARA 2015 (vid\u00e9o Oval et Sens)\u00a0 L&rsquo;en avant vers une vie sociale (2013) Christo Rugby Adapt\u00e9 (2011)<\/p>\n","protected":false},"author":1,"featured_media":0,"parent":2054,"menu_order":0,"comment_status":"open","ping_status":"closed","template":"","meta":{"footnotes":""},"class_list":["post-845","page","type-page","status-publish","hentry","post"],"_links":{"self":[{"href":"https:\/\/www.christo-rugbyadapte.fr\/wordpress\/index.php?rest_route=\/wp\/v2\/pages\/845","targetHints":{"allow":["GET"]}}],"collection":[{"href":"https:\/\/www.christo-rugbyadapte.fr\/wordpress\/index.php?rest_route=\/wp\/v2\/pages"}],"about":[{"href":"https:\/\/www.christo-rugbyadapte.fr\/wordpress\/index.php?rest_route=\/wp\/v2\/types\/page"}],"author":[{"embeddable":true,"href":"https:\/\/www.christo-rugbyadapte.fr\/wordpress\/index.php?rest_route=\/wp\/v2\/users\/1"}],"replies":[{"embeddable":true,"href":"https:\/\/www.christo-rugbyadapte.fr\/wordpress\/index.php?rest_route=%2Fwp%2Fv2%2Fcomments&post=845"}],"version-history":[{"count":5,"href":"https:\/\/www.christo-rugbyadapte.fr\/wordpress\/index.php?rest_route=\/wp\/v2\/pages\/845\/revisions"}],"predecessor-version":[{"id":2007,"href":"https:\/\/www.christo-rugbyadapte.fr\/wordpress\/index.php?rest_route=\/wp\/v2\/pages\/845\/revisions\/2007"}],"up":[{"embeddable":true,"href":"https:\/\/www.christo-rugbyadapte.fr\/wordpress\/index.php?rest_route=\/wp\/v2\/pages\/2054"}],"wp:attachment":[{"href":"https:\/\/www.christo-rugbyadapte.fr\/wordpress\/index.php?rest_route=%2Fwp%2Fv2%2Fmedia&parent=845"}],"curies":[{"name":"wp","href":"https:\/\/api.w.org\/{rel}","templated":true}]}}